4) - 14.
-33
12 + (55 - -1) + 3 + (-25 - 10) + 35
71
What is -89 + 0 + 31 + 222 + -222?
-58
Calculate 49 + -81 + 19 + (1 - 5) + 22.
5
Evaluate (120 - 121) + (3 + -9 - (-5 + -42)).
40
What is the value of 147 + -19 + -100 + -116?
-88
Evaluate (-34 - -33) + 24 + -40.
-17
-6 - (1 + -14 - (37 - (-19 + 134)))
-71
Evaluate 7 + -22 + 8 + 35 + 1.
29
What is the value of -4 + (-8 + 16 - (2 - -9)) - -35?
28
Calculate -6 - -62 - (-14 - (20 - (-16 + 56))).
50
What is -30 + -35 + 62 - (4 + -24)?
17
(-1 - -4) + (-1 + 6 - (41 + -79 - -77))
-31
Evaluate (29 + -41 - 74) + 104.
18
What is -258 - -133 - -160 - (1 + 86)?
-52
(-1 + 3 - (-4 + -34)) + 5 + 3 + -17
31
What is 33 - (206 + (-109 - -7))?
-71
Evaluate (40 - 49 - -1) + (65 - 1) + (0 - -7).
63
Evaluate -31 + (-23 - (7 - 28)) - 3.
-36
Calculate -106 - (5 + -56) - (18 + -1 - -5).
-77
What is 79 - (162 - (107 + -40))?
-16
Calculate 603 + -680 + (-2 - -32).
-47
(-5 - -6 - 36) + (-9 - -20 - 18)
-42
Evaluate -20 - (4 + -28 + 7 + -48 + 55).
-10
What is the value of 1 - (28 - (-51 - -39))?
-39
Evaluate -1385 + 1417 + (0 - 1).
31
Evaluate (-1 - (-1 + -22)) + 5 + -6 + 6 + -4.
23
Calculate (517 - 522 - (0 - -10)) + -2 + (-2 - 0).
-19
What is 8 - ((2 - 0) + -78 - (-21 - -74 - 64))?
73
What is -397 + 218 + 221 + (0 - 0 - -3)?
45
What is the value of 0 + -23 + 1 - (-3323 - -3347)?
-46
Evaluate 369 + -432 + 11 + 111.
59
What is the value of (-6 - (4 + -6) - -2) + (9 - (70 + -24))?
-39
1517 - 1557 - (-43 - 2)
5
What is 81 - 63 - (-85 - -12)?
91
What is the value of 18 - (41 + 6) - -44 - 108?
-93
16 - ((-9 - 2 - (-44 - -49)) + 10)
22
Evaluate 11188 + -11127 - (1 - (20 - 1)).
79
What is the value of -242 + 165 + (27 - 1) + 5?
-46
Evaluate 107 + -47 + -454 + 366.
-28
Calculate (117 + -48 - 102) + (-4 - -112).
75
What is the value of 2 + 1 + 2 + (-243 - (-562 + 292))?
32
Calculate 7 + 0 - 64 - -20.
-37
What is 60 + (5 + -63 - -33)?
35
18 - (40 - (0 + 3 + -22))
-41
What is the value of -14 - (33 + (6 - 56))?
3
What is -238 + 271 + -4 + -58?
-29
-13 - (-5 + -35 + (32 - 15))
10
What is 12 + -4 + (7 - -3) + -18 + 48?
48
(-9 + 24 - (-7 + 1)) + (-44 - -26) + 7
10
(-8 - -27) + 25 + -13
31
-174 - (-237 - -22) - (113 + -1)
-71
Calculate -87 + (-17 - (-1 - 3 - 5)) - -10.
-85
Calculate -34 - (42 + (17 - 22) - 25).
-46
Evaluate -14 + (0 - (15 - 0)) + 19.
-10
Calculate 52 - (-40 - -89) - 97.
-94
Evaluate -2 + -54 - (4503 + -4615).
56
What is (-4 + 5 - 12) + (-70 + (21 - 4) - 11)?
-75
Calculate (-18 - 1 - (-36 + 25)) + 11 + 23.
26
Evaluate -41 - (7 - -8 - (7 + -12 - -14)).
-47
What is -113 - (108 + -158 - -30)?
-93
Calculate 33 - 47 - -12 - (3 - 3 - 11).
9
Evaluate -31 + 4 + -1 + (-87 - -165 - 88).
-38
What is the value of 1 + (1 - -10) - (-7652 - -7657) - 53?
-46
What is (-1 - 32) + (7 - (7 - 0)) - (-22 + 16)?
-27
Evaluate (13 - -24) + (0 - -1 - (6 + -6) - 9).
29
Calculate -70 + (64 + -71 - (0 - 18)) - (14 + -1).
-72
135 + (-61 - 89) + (-52 - -1)
-66
Evaluate (61 - -1) + -84 + 96 - (-2 - (4 - 3)).
77
What is -35 - (-23 + -89) - 53?
24
51 + -20 + -25 + 2 + 75
83
What is the value of (78 - (14 - -71)) + -41 + 5?
-43
Evaluate (116 - 67) + (-103 - -13).
-41
What is the value of 6 + (-10 - -85) + -10 + (24 - 4) + -14?
77
Evaluate 9 - -16 - (85 - 59).
-1
Calculate -65 - -39 - (-60 + 2) - -14.
46
Calculate (-16 - -65) + -19 - (12 - -14).
4
Evaluate 12 + -161 - (-147 + 72).
-74
Evaluate -23 + 47 - (-4 + 15 + -2 - 7).
22
Calculate 2 - 18 - ((-71 - -62) + (17 - (1 - -3))).
-20
What is 78 - 91 - (36 + -4)?
-45
What is the value of 30 + -43 + 87 + (4 - -3)?
81
What is the value of 4 + 1 + (-133 - (-119 - 32))?
23
76 + (121 - (133 + -60))
124
Evaluate -32 + -10 + 0 - (2 + -2 + 6).
-48
2 + 11 + 0 + (-7 - 24) + 12 + 8
2
Evaluate 17887 + -17932 + (-1 - 1) + 172.
125
Calculate -42 + 0 + (87 - (110 + -22)).
-43
What is the value of (-99 - -36) + 99 + -105?
-69
Calculate -67 - (31 - 69) - 11.
-40
(153 - 124) + -16 + 9 + 31 + 5
58
-14 - (33 - 24 - (16 - 1))
-8
-4 + -1 + (9 - (14 - 8)) - 22
-24
Calculate 6 + (-25 + 30 - 3 - -24).
32
What is the value of -27 - (485 - 435 - (15 - 2))?
-64
What is the value of (-24 - -18) + (5 - 0 - (-4 + 1))?
2
What is (33 - -11 - (46 + 0)) + (-2 - 87)?
-91
Evaluate 6 + (-33 - (0 - 1 - 15)) + (15 - 4).
0
Evaluate -19 - ((0 - -15 - (304 + -309)) + -85).
46
What is (-10 - -8) + -35 - (-5 + -1 + -19 + 24)?
-36
What is the value of (-66 - -83) + (0 - (95 + 7))?
-85
What is the value of 58 - 40 - (6 - (2 - 2))?
12
Calculate 9 - -1 - (-34 + (-13 - -23 - 9)).
43
Evaluate 227 - 171 - ((-9 - -4) + 3 - -4).
54
What is (11 - (13 + (-4 - -7))) + 4?
-1
Evaluate -55 - (-32 + 13) - (1 + -2 - (6 - 10)).
-39
Evaluate 7 - ((-89 - -9) + 9).
78
What is 4 + -4 + 1 + -11 + (-728 - -766)?
28
-76 + 9 + 1 + (-10 - 0) + (442 - 439)
-73
What is the value of (-1 + 94 - 6) + (-11 - -1 - -5) + -5?
77
(-3 - (4 - (2 + 5))) + (42 - 7) + -25
10
What is 10 - ((17 - 21) + 23) - (-1 - 24)?
16
Calculate 5 + 23 + -16 + 2 + -13 + -19.
-18
What is the value of (3 - (-8 + -2) - (3 + 3)) + (-10 - -68)?
65
What is the value of -24 + -20 + -4 + 47?
-1
Calculate (5 + 3 - 3) + (90 - (69 - 32)).
58
What is the value of -3 + 50 - (1559 + -1561)?
49
Calculate -42 - (-21 - (-39 - -14 - 21)).
-67
Calculate (-17 - (-6 + 27 + -32) - -15) + 75 + -1.
83
What is 5 - (-129 - 2 - (15 + -20 + -18))?
113
What is -34 + -3 - (-2 + 4) - (1825 - 1820)?
-44
What is the value of -85 - (85 + -96) - -101?
27
Calculate -27 - (-24 - -45 - 8 - (4 + (1 - -2))).
-33
99 + (1 - 14) + -54
32
What is -7 + (5 - -5) + (-46 - -55) - 57 - 6?
-51
What is the value of -12 - 35 - (-19 + 2 + 13 - (-6 - 4))?
-53
Evaluate (1 + -41 - 1) + -2 + 23 + (-20 - 5).
-45
Calculate 0 + 5 + (106 - -18) - -5 - (2155 + -2163).
142
Evaluate 27 - (49 - 20 - 44) - (14 - 0).
28
13 + -40 + (12 - 10 - (0 + 2 + 0))
-27
Evaluate -832 - -803 - (25 + 3).
-57
Evaluate 44 - 38 - (-11 + (-41 - -6)) - -12.
64
Evaluate -163 + 64 + -95 + 126.
-68
What is 9 + 0 - (-2264 + 2270)?
3
What is -6 + (47 - -66 - -36)?
143
Calculate -158 - ((-94 - 2) + 11).
-73
-94 - (((-8 + 3 - -7) + 9 - 8) + -15)
-82
What is the value of -32 + 48 - (-50 + 26)?
40
89 + 18 + -80 + -60
-33
Evaluate 107 + -127 - (3 + -1 + -64).
42
Calculate 57 + -118 + 177 - (7 + 5 + -10).
114
What is the value of (-170 + 103 - (-17 + 0)) + -1 + -2?
-53
What is the value of (-12 - -46) + -123 + 40?
-49
What is the value of -12 - (-44 + (-17 + -18 + 16 - -16))?
35
What is the value of 5 + -6 + 1 + 1 + 545 + -510?
36
What is -34 - (-81 + -23 + 11)?
59
Evaluate 15 + (-30 - 20) - -12.
-23
Evaluate -35 + (60 - 47) + 3 + 3.
-16
Calculate -145 + (0 - ((28 - 8) + -36)).
-129
What is the value of (2 - (-9 + -19 - -18)) + 32?
44
Calculate (1 - -12) + 16 + -7 - -2.
24
Calculate (-6 + 6 - 61) + (-8 - -8 - -1) + 3.
-57
What is the value of (0 + -148 - (-33 + 48 + -33)) + -15?
-145
Evaluate -1 - (-1 - (26 - 2)) - (2324 - 2338).
38
2 - -15 - (28 + -84 + 78)
-5
What is -11 + 0 - (16 - (-6 + 30) - 22 - 51)?
70
-42 - ((-31 - -7) + 4 - (-22 + 6))
-38
What is 10 - (1 - (3 + -4) - 20)?
28
Calculate -134 + 46 - (-31 + -100).
43
What is the value of 0 - 2 - (0 + -1) - (2782 + -2743)?
-40
What is -74 + -77 + 163 + -77?
-65
What is 35 + -1 - (21 + -118 + 116)?
15
What is the value of 0 + 13 - ((-38 - -30) + -23)?
44
Calculate (6 - 8 - -13) + (23 - (1 + 15 - -19)).
-1
Calculate 6 + 6 + 0 + (-145 - -110).
-23
Calculate 102 + -100 + 1 + 41.
44
What is 216 - ((-224 - -109) + 225)?
106
What is the value of -221 + 153 + -12 + 74?
-6
What is -1 + 33 - 0 - (3120 - 3097)?
9
Evaluate -35 + -45 + (-47 - -133).
6
Calculate -78 + (-10 - (5 - (6 - (-13 - -26 - 9)))).
-91
What is the value of 19 + -39 + -1 + -50 + 4 + (3 - 2)?
-66
What is the value of (52 - (13 + -17) - ((-13 - -27) + -17)) + 11?
70
-8 + 17 + -31 + 33 + -51
-40
Evaluate -23 - (-38 + -10 + 6 + 35).
-16
Calculate -13 - (7 + (51 - (-14 + 1)) + 6 - -6).
-96
What is the value of (0 - -1) + 5 + (-725 - -699) + -5?
-25
-6 + -57 + 62 - 1
-2
Evaluate -86 + 20 + (2 - ((-2 - -1) + 2)) - -9.
-56
Calculate -26 + (11 - 27) + 27 - (-1 + 10).
-24
What is the value of (-18 - (-29 + 98)) + 122?
35
What is the value of 4 + -4 + (5 - -1) - (5 - (11 + -14))?
-2
(41 - 22) + (-10 - (-18 + -10))
37
(0 - 8 - (-4 + (19 - 13))) + 56
46
0 + 58 + (-48 - (-319 - -271))
58
What is ((1 